+ 9. Calculate x(-3).
6
Let q(f) = -f**3 + 8*f**2 + 2*f - 19. Calculate q(7).
44
Let h(u) = -u**3 + 8*u**2 + 7*u + 14. Calculate h(9).
-4
Let z(o) = o**2 - 13*o + 17. Give z(9).
-19
Let f(h) = -3*h - 41. Determine f(-16).
7
Let c(d) = d**3 - 6*d**2 - 4*d + 1. Give c(6).
-23
Let n(b) = -b**3 + 2*b**2 + b + 4. What is n(3)?
-2
Let t(p) = -p**3 + 11*p**2 - 15*p. Determine t(9).
27
Let s(x) = -x - 29. Determine s(13).
-42
Let q(m) = -m**3 + 9*m**2 - m. Determine q(9).
-9
Let b(u) = -u**3 - 3*u**2 - 3*u + 4. Calculate b(-2).
6
Let o(y) = y + 11. What is o(-6)?
5
Let t(o) = o**2 + 58*o + 308. Give t(-6).
-4
Let c(h) = h**3 - 13*h**2 - 2*h + 24. Give c(13).
-2
Let j(v) = -43*v - 1382. Determine j(-32).
-6
Let u(o) = 2*o**2 - 16*o + 10. What is u(10)?
50
Let z(t) = 2*t - 34. What is z(14)?
-6
Let h(t) = -t**3 - 10*t**2 - 18*t - 25. Calculate h(-8).
-9
Let j(x) = 6*x**2 + 40*x + 17. Determine j(-6).
-7
Let g(k) = -2*k**2 - 3*k + 20. Calculate g(-7).
-57
Let a(w) = -3*w**2 + 13*w. Determine a(4).
4
Let w(u) = -u**2 - u - 2. Give w(-2).
-4
Let y(o) = -2*o**2 + 4*o + 10. Calculate y(0).
10
Let r(q) = q + 19. Determine r(-13).
6
Let a(v) = -11*v + 1. Give a(-3).
34
Let z(s) = -2*s - 3. Give z(1).
-5
Let v(g) = 14*g + 19. Give v(-4).
-37
Let s(k) = -k**2 - 12*k - 8. Calculate s(-9).
19
Let w(f) = 4*f**2 - 5*f + 15. Calculate w(3).
36
Let g(c) = 23*c - 18. What is g(1)?
5
Let i(g) = -g**2 - 12*g + 16. What is i(-14)?
-12
Let z(a) = -a**3 - 4*a**2 - 4*a + 7. Calculate z(-6).
103
Let k(z) = -3*z**3 + z**2 - 2*z + 1. What is k(1)?
-3
Let b(t) = -7*t**2 + 2*t. Calculate b(-1).
-9
Let h(o) = -5*o**2 + 18*o - 16. Calculate h(3).
-7
Let p(z) = 2*z**2 - 57*z + 9. Calculate p(29).
38
Let d(n) = -n**3 - 16*n**2 - 4*n - 4. What is d(-16)?
60
Let j(z) = -z**3 + 7*z**2 - 3*z + 17. Give j(7).
-4
Let i(x) = -x**3 - 4*x**2 - 3*x - 3. Calculate i(-4).
9
Let r(q) = -q**3 - 10*q**2 + 4*q - 8. Determine r(-10).
-48
Let k(l) = 3*l - 68. What is k(22)?
-2
Let m(v) = -2*v**3 - v**2 - 3*v - 3. Determine m(-2).
15
Let s(x) = 5*x - 6. What is s(-9)?
-51
Let k(x) = -x**3 - 15*x**2 - 48*x - 40. Determine k(-11).
4
Let o(s) = s**3 - 4*s**2 + 4*s - 3. Give o(5).
42
Let k(p) = 2*p**2 + 27*p + 8. Calculate k(-12).
-28
Let v(x) = -2*x**2 - 6*x - 1. Calculate v(-4).
-9
Let h(d) = d**3 - 7*d**2 + 17*d - 16. What is h(4)?
4
Let m(q) = -6*q - 27. Determine m(-6).
9
Let r(o) = o**2 + 6*o - 13. Give r(4).
27
Let c(g) = -g - 16. Determine c(-17).
1
Let w(i) = -i**2 + 13*i - 3. Give w(15).
-33
Let w(d) = -21*d - 97. Determine w(-5).
8
Let m(j) = -j**2 - 13*j - 7. Give m(-11).
15
Let u(c) = -36*c**3 + 2*c**2 - 1. Calculate u(1).
-35
Let f(v) = -3*v**2 + 4*v + 2. Determine f(-1).
-5
Let z(p) = -p**2 - 39*p - 95. Determine z(-36).
13
Let v(p) = -p**3 - 4*p**2 + 2*p + 2. Give v(-4).
-6
Let j(f) = -f**3 + 33*f**2 + 35*f - 38. Determine j(34).
-4
Let h(n) = -n**3 - 10*n**2 + 25*n + 18. Determine h(-12).
6
Let j(s) = -s**3 + 8*s**2 - 7*s + 6. What is j(6)?
36
Let f(t) = t**2 - 7*t - 1. Give f(5).
-11
Let q(k) = -k**3 + 5*k**2 + 8*k - 6. Give q(6).
6
Let h(t) = 5*t - 14. Calculate h(-7).
-49
Let n(x) = 2*x - 68. What is n(24)?
-20
Let d(y) = -y**2 - 21*y - 19. Calculate d(-18).
35
Let r(z) = z**2 + 2*z + 5. What is r(-7)?
40
Let x(c) = -2*c**2 + 10*c - 3. What is x(9)?
-75
Let x(f) = f**3 + f**2 - 3*f - 3. Determine x(-3).
-12
Let r(s) = -s**2 - 21*s - 62. Give r(-17).
6
Let o(z) = 2*z - 4. Calculate o(-10).
-24
Let t(n) = -n**2 - n + 4. Determine t(-2).
2
Let t(n) = n**3 + 8*n**2 + 7*n + 7. What is t(-7)?
7
Let m(k) = -k**2 + 6*k + 2. Calculate m(5).
7
Let a(q) = -3*q - 39. Give a(-12).
-3
Let l(y) = -y**3 + 22*y**2 + 24*y - 28. Give l(23).
-5
Let i(w) = -w**3 + w**2 + 35. What is i(0)?
35
Let g(b) = -b**2 + 7*b - 4. Determine g(7).
-4
Let x(r) = -52*r - 2545. What is x(-49)?
3
Let g(d) = -3*d**2 - 85*d - 26. Give g(-28).
2
Let b(i) = 2*i**3 - 4*i**2 + 4*i - 2. What is b(2)?
6
Let i(w) = -w**3 + 20*w**2 - 37*w + 33. Calculate i(18).
15
Let x(u) = 3*u**2 - 174*u + 335. Determine x(56).
-1
Let t(x) = -8*x - 18. What is t(4)?
-50
Let t(i) = i**2 + i - 9. Give t(0).
-9
Let h(d) = d**3 - 7*d**2 + 2*d + 3. Give h(6).
-21
Let i(h) = -h**2 - 2*h - 9. Calculate i(7).
-72
Let l(a) = a**3 + 30. Determine l(0).
30
Let u(k) = -k - 4. Determine u(-2).
-2
Let r(j) = -j**2 + 7*j. What is r(6)?
6
Let w(t) = -t**3 - 3*t**2 - t + 2. Determine w(-3).
5
Let t(k) = k**3 + 13*k**2 + 31*k + 2. Give t(-10).
-8
Let y(s) = -3*s**2 - 17*s - 6. Determine y(-5).
4
Let n(m) = -m**3 - 10*m**2 + 4*m + 6. Calculate n(-10).
-34
Let k(h) = h**3 + 7*h**2 - 12*h - 16. What is k(-8)?
16
Let q(f) = f**2 - 10*f - 5. What is q(8)?
-21
Let u(a) = 8*a**2 + a + 4. Give u(-2).
34
Let l(o) = -o**2 - 38*o - 132. Calculate l(-34).
4
Let s(b) = 4*b**3 + 2*b**2. Determine s(-2).
-24
Let l(g) = -g**2 + 25*g - 49. Determine l(23).
-3
Let v(z) = -z**3 + 5*z**2 + 23*z + 12. Calculate v(8).
4
Let i(l) = -l**3 - 35*l**2 - 34*l + 2. Determine i(-34).
2
Let y(f) = 33*f. Determine y(-1).
-33
Let l(z) = -2*z**3 + 3*z**2 + 2*z + 4. What is l(3)?
-17
Let u(n) = n**3 - 11*n**2 - 26*n + 11. Determine u(13).
11
Let f(r) = r**3 + 5*r**2 - 8*r + 5. Give f(-6).
17
Let a(w) = -w**2 + 8*w + 31. Calculate a(9).
22
Let j(z) = z**2 - 6*z - 20. Give j(8).
-4
Let q(b) = b - 11. Give q(0).
-11
Let l(d) = -d**2 + 39*d - 48. What is l(37)?
26
Let t(o) = -o**3 + 14*o**2 + o - 19. What is t(14)?
-5
Let d(n) = n - 22. What is d(-11)?
-33
Let z(o) = -o**3 - 7*o**2 + 7. Give z(-3).
-29
Let w(f) = 2*f - 39. Determine w(18).
-3
Let k(d) = -d**3 + 25*d**2 + 4*d - 86. Give k(25).
14
Let n(k) = -2*k**2 - 5*k + 17. Calculate n(-7).
-46
Let c(k) = 7*k**3 + 4*k**2 + 10*k + 7. Determine c(-2).
-53
Let q(v) = -v**3 + 12*v**2 - 28*v - 7. What is q(9)?
-16
Let o(s) = 97*s - 1. Give o(-1).
-98
Let t(n) = 4*n - 17. Calculate t(3).
-5
Let y(i) = -i**3 - 13*i**2 - 41*i + 1. Give y(-7).
-6
Let w(q) = 29*q + 1. What is w(-1)?
-28
Let b(o) = -o + 6. What is b(11)?
-5
Let w(n) = 5*n - 2. Determine w(2).
8
Let w(q) = 11*q - 83. Give w(8).
5
Let d(g) = 7*g + 7. Calculate d(3).
28
Let h(j) = j**2 - j - 33. Calculate h(6).
-3
Let k(m) = -3*m**2 - 4*m - 2. Calculate k(-2).
-6
Let k(u) = -u**3 + 22*u**2 - 25*u + 76. Give k(21).
-8
Let u(g) = -2*g + 4. What is u(1)?
2
Let g(u) = u**3 - 6*u**2 - 2*u. Calculate g(6).
-12
Let z(i) = -i**2 + 2*i - 8. Determine z(0).
-8
Let w(r) = r**3 - 4*r**2 - 5*r - 1. Calculate w(6).
41
Let b(h) = -h**3 - 8*h**2 - 7*h. Determine b(-7).
0
Let t(f) = -4*f**2 + f - 20. Give t(-5).
-125
Let v(x) = 123*x + 856. Calculate v(-7).
-5
Let a(t) = -t**2 + 10*t + 9. Give a(7).
30
Let k(w) = w**3 + 12*w**2 + 8*w - 6. What is k(-11)?
27
Let i(q) = 42*q + 1. What is i(-1)?
-41
Let u(k) = -2*k**2 + 50*k + 10. Determine u(25).
10
Let u(h) = -5*h**2 + 6*h - 8. Calculate u(2).
-16
Let c(r) = -3*r + 36. What is c(16)?
-12
Let w(h) = -h**2 - 27*h - 15. Give w(-10).
155
Let s(n) = 6*n**2 - 3*n - 1. Determine s(-1).
8
Let t(r) = r**3 + r**2 - 5*r + 2. Calculate t(-4).
-26
Let a(g) = g**3 - g**2 - 4*g + 14. Determine a(4).
46
Let v(p) = -5*p + 20. Calculate v(6).
-10
Let i(c) = c - 12. What is i(-7)?
-19
Let n(i) = -2*i**3 - 4*i**2 - 7*i - 1. Determine n(-5).
184
Let j(n) = 41*n + 569. What is j(-14)?
-5
Let x(m) = m**3 - 3*m**2 - 10*m + 1. What is x(5)?
1
Let t(p) = 3*p + 33. Calculate t(-7).
12
Let y(l) = -16*l + 204. Give y(13).
-4
Let r(u) = -u**3 - 8*u**2 - 8*u - 2. Determine r(-6).
-26
Let h(f) = -f - 30. Give h(-12).
-18
Let q(l) = -27*l**2 - l + 3. Calculate q(1).
-25
Let t(q) = -23*q + 65. Calculate t(8).
-119
Let y(f) = -f**3 + 8*f**2 - 4*f + 32. What is y(8)?
0
Let f(h) = h**2 + 2*h - 12. Calculate f(-4).
-4
Let k(m) = 5*m + 28. What is k(-6)?
-2
Let d(y) = -y**2 - 19*y - 56. Calculate d(-3).
-8
Let i(q) = -q - 6. Calculate i(15).
-21
Let k(o) = 2*o**3 - 9*o**2 + 7*o + 6. Calculate k(5).
66
Let l(q) = -23*q**3 + 2*q**2 - 7*q + 5. Give l(1).
-23
Let n(o) = 4*o + 22. Calculate n(-5).
2
Let d(j) = -j**3 + 8*j**2 - 16. Determine d(8).
-16
Let o(g) = -g - 8. Give o(-5).
-3
Let i(g) = -175*g - 878. What is i(-5)?
-3
Let w(h) = -h**2 + 7*h + 29. What is w(-9)?
-115
Let y(g) = g - 2. Calculate y(-13).
-15
Let c(w) = 3*w + 13. Calculate c(7).
34
Let m(l) = -l**2 - 12*l + 2. What is m(-12)?
2
Let z(